**2 + l - 7. Let j be s(q). What is the tens digit of (-84)/9*3/j?
1
Suppose -2*o + 14 = -g + 3*g, o = -2. What is the units digit of (3 + 21)*g/12?
8
Suppose 2*m + 2*r - 7*r = 31, -7 = m + 2*r. Let g be 2 + 3*4/12. Suppose v = -m*v - 4*j + 40, -g*v + 45 = -2*j. What is the units digit of v?
3
Suppose 4*g - 3*g - 55 = -5*a, -g + 39 = a. What is the tens digit of g?
3
Suppose s = -s + 36. Suppose -3*t + s = b + 4, 4*t - 4*b - 40 = 0. What is the units digit of 14/3 - (-2)/t?
5
Let k(s) = s**2 - 4*s - 3. What is the units digit of k(8)?
9
Let l(d) = 3*d - 5. Let a(x) = 12 + 2*x + 0*x**2 - 11*x + x**2. Let b be a(8). What is the units digit of l(b)?
7
Let j be -6 - 0*4/(-8). Let t(o) = -o**3 + 2*o + 2*o - 6*o**2 - 4 + o**2. What is the units digit of t(j)?
8
Suppose 2*x = x + 14. Suppose -x = -3*y + 28. What is the units digit of y?
4
Let s(t) = -t**2 + 9*t + 14. Let x be ((-2)/4)/((-2)/40). Let k be s(x). Suppose -k*d + 4*r + 12 = 0, r + 0*r = 3*d - 5. What is the units digit of d?
1
Let s(n) = 5*n - 1. Let i(y) = y**2 + 6*y. Let a(b) = 2*i(b) - 3*s(b). Let j be a(2). Suppose 25 = 3*k - j. What is the tens digit of k?
1
Let o = 295 + -202. What is the tens digit of o?
9
Suppose 3 + 2 = g + 3*o, 3*g - 27 = -3*o. Let x(y) = 2*y - 8. What is the tens digit of x(g)?
1
Let q(m) = -45*m - 1. What is the tens digit of q(-2)?
8
Suppose 7*j - 8*j + 185 = 0. Suppose -2*l = -3*n + 127, 0*n = 5*n + 2*l - j. What is the tens digit of n?
3
Let o be 6/(-10) - 66/(-10). What is the units digit of (-8)/12 - (-100)/o?
6
Let t = 13 + -7. Let j = 0 + t. What is the units digit of j?
6
Suppose 2*l = 5*l - 3. Let g be (l/(-3))/((-3)/(-18)). What is the units digit of -2*g/(-12)*-3?
1
Let v(p) = -2*p + 6. Let g be v(-7). Suppose 2*t + 5*c - 7 = 4*t, 0 = 5*t - 5*c - g. What is the units digit of t?
9
Let v be ((1 - -5) + -2)/(-1). Let q = v - -4. Suppose q = -d - 7 + 19. What is the units digit of d?
2
Let c = -28 - -49. What is the units digit of -5 + (-3)/(-1) + c?
9
Let k(m) = -3*m + 4. Let h be k(-9). Suppose 7*n = d + 3*n + 4, 2*d + 5*n - h = 0. Let u = d + -5. What is the units digit of u?
3
Let f be (2 + 6/(-4))*6. What is the units digit of (f + (-16)/3)*-3?
7
Let a(w) = -w. Let b be a(-2). Suppose 5*j - 5*g + 10*g - 40 = 0, 5*j - g = 10. What is the units digit of ((-3)/b)/(j/(-28))?
4
Suppose -5*n - 25 = -195. Let q = n + -23. What is the units digit of q?
1
Let g = 47 - 21. Suppose 5*f + g = 3*x - 0*f, 6 = 3*f. Let n = x + -7. What is the units digit of n?
5
Suppose d - 148 = -3*d. Let o = -54 + d. Let k = 29 + o. What is the tens digit of k?
1
Suppose 23*h + 75 = 26*h. What is the units digit of h?
5
Let l be (-12)/9*(-3)/2. Suppose -l*r + 16 = 2*r. What is the units digit of r?
4
Let o(a) = a + 8. Suppose 0 = -2*w - 16. Let j(y) = 3*y + 24. Let s(x) = w*o(x) + 3*j(x). What is the units digit of s(-6)?
2
Suppose -3*m + 18 = c + 2*c, m + 4*c = 0. What is the units digit of m?
8
Suppose -5*b = 2*c - 306, 380 = 3*c + 5*b - 74. What is the tens digit of c?
4
Let f(q) = q**3 - 3*q**2 + 2*q + 2. Let b be f(2). Let d(c) = 1 + 6*c + 4 - 1 + c**b. What is the units digit of d(-6)?
4
Let p(a) = -a**2 + 3*a + 102. What is the tens digit of p(0)?
0
Let r(w) = -w - 1. Let g(c) = -c**2 + c - 4. Let b(o) = g(o) - 3*r(o). Let m be b(2). Suppose 0 = -0*n + m*n - 54. What is the units digit of n?
8
Let h = 70 - 59. What is the tens digit of h?
1
Let m = -312 - -552. What is the units digit of m?
0
Suppose 2*f + 2*a = 44, 5 + 5 = f - 3*a. What is the units digit of f?
9
Let h(d) = 21*d**2 + 3*d + 3. Let u be h(-2). Suppose u = 3*o + 21. What is the units digit of o?
0
Let f = 5 - 5. Suppose f = n - 5*h + 5, n + 0*h = h - 1. Suppose 3*b - 19 + 7 = n. What is the units digit of b?
4
Let y be 1/(-1) + (0 - -1). Suppose -p + y = -5. Suppose p*s = -3*k + 61, -2 = -3*s + 2*s. What is the tens digit of k?
1
Suppose 2 + 13 = 5*p. Suppose -4*w + 4 = 3*q, -5*w - 17 = p*q - 2*q. Let x = q + -5. What is the units digit of x?
3
Let t = -94 + 96. Suppose -1 + 43 = y. Suppose -t*g + 4*x + y = 0, -4*x + 0 = 8. What is the tens digit of g?
1
Suppose -b = 2*p - 9, 5*b - 10 = -3*p + 21. What is the units digit of p?
2
Suppose 0*z = -2*f - z + 206, 5*z = 0. What is the hundreds digit of f?
1
Suppose 15*z - 13*z - 44 = 0. What is the tens digit of z?
2
Suppose -i + 5*i = -8, -4*x - 106 = -i. Let g = 38 + x. What is the units digit of g?
1
Let b(v) = v**3 + 15*v**2 + 4*v + 20. What is the hundreds digit of b(-14)?
1
Suppose -x + 5*g + 9 + 8 = 0, 0 = -4*x - 4*g - 4. What is the units digit of x?
2
What is the units digit of ((-28)/3)/(-2*(-8)/(-264))?
4
Suppose -85 = -3*m + 89. What is the units digit of m?
8
Let o be (-527)/(-4) - 4/(-16). Suppose -3*s - 2*a + 107 = 0, 3*s - 5*a = -2*a + o. What is the tens digit of s?
3
Let w(x) be the third derivative of -x**6/120 + 7*x**5/60 + 5*x**4/12 - 3*x**3/2 - x**2. Let o be w(8). Let b = o - 4. What is the units digit of b?
3
Suppose 5*t + 1 - 11 = 0. Suppose -8*v - t = -10*v. What is the units digit of v*(-1)/((-3)/9)?
3
Let z(k) = -3*k + 6. What is the tens digit of z(-6)?
2
Let k(o) = o**2 - 7*o + 5. Let d be k(7). What is the units digit of (d/(-5))/(2/(-8))?
4
Let u(y) = 11*y - 2. Let i be u(2). Suppose -29 = -3*t + 2*t - o, t = 2*o + i. What is the tens digit of t?
2
Suppose -5*j = -771 + 121. What is the hundreds digit of j?
1
Suppose 5*y - 5 = 5. Suppose c - 4*j = 18, 8*c = 3*c - y*j + 200. What is the tens digit of c?
3
Let z(i) = i**3 - 6*i**2 + 7*i - 7. Let p be z(5). Suppose 2*j - x - 64 = 0, -53 = -4*j + p*x + 73. What is the tens digit of j?
3
Let f(r) = -2*r - 8. Let o = 11 - 6. Let m = -1 - o. What is the units digit of f(m)?
4
What is the units digit of -3*((-455)/15 - -2)?
5
Suppose 0 = 4*u + 2*g - 10, 5*u + 2 - 42 = 3*g. Suppose 5*m - 55 = b + 52, -u*m + 4*b + 98 = 0. What is the tens digit of m?
2
Let i be (-10)/(-45) - 68/(-18). Suppose -4*u = 2*p + p - 10, i = 4*p - 4*u. What is the units digit of p?
2
Let d = -12 + 13. What is the units digit of d?
1
Suppose 0 = 3*o - o - 8. Suppose 10 = 2*x + q, 4*q + 4 = -o*x + 24. What is the units digit of x?
5
What is the units digit of (-79)/(-9) - 8/(-36)?
9
Let b(p) = -3*p**3 - 4 + 6 + p - 3*p**2 + p**2. What is the tens digit of b(-2)?
1
Suppose 4*s = 2*s + 116. What is the tens digit of s?
5
Let m be 12/10 + 1/(-5). Let u = 8 - 6. What is the units digit of (m/u)/((-3)/(-12))?
2
Suppose -4*a + 5*a = -2*i + 28, 0 = 2*a + 5*i - 52. What is the tens digit of a?
3
Let i(o) = 163*o + 7. What is the units digit of i(1)?
0
Let v(m) = -m**3 + 7*m**2 - 4*m - 8. Let r be v(6). Suppose -r + 0 = -2*c. Suppose -c*i + 0*i + 14 = 0. What is the units digit of i?
7
Suppose -2*x + 60 = k, -k - 3*x = -6*x - 85. Suppose 0 = -2*b - 4, 3*u = -0*u - b + k. What is the units digit of u?
4
Suppose 0 = -v - 4*m + 22, -4*m = -3*v - 3*m + 1. Let r be v/(-4)*(-30)/5. What is the units digit of 3/(27/6 - r)?
2
Suppose 5 = 2*v - 7. Let t be (2 - 6)*3/v. Let m = 5 + t. What is the units digit of m?
3
Let b be 2/1 + -2 + 4. Let y be 2/b*8/(-4). Let t = y + 2. What is the units digit of t?
1
Suppose 0 = -4*i + i + 9. Suppose -4*m + 8 = 7*p - i*p, 0 = -3*m - 5*p + 6. Suppose -v + 2 + m = 0. What is the units digit of v?
4
Let x(t) = t**3 + 11*t**2 + 8*t - 13. What is the units digit of x(-10)?
7
What is the tens digit of (16/8 + (-65)/2)*-2?
6
Let d = 5 + -2. Suppose -d*q + 12 = q. Suppose q*i + 10 = -m + 32, 4*i = m - 8. What is the tens digit of m?
1
Let h be 20 + 0 + (3 - 0). Let s = h - 67. What is the units digit of 4/12 + s/(-3)?
5
Let g = -8 + 4. Let x(a) = a**2 + 1. What is the tens digit of x(g)?
1
Let h be (-24)/15 - 3/(-5). What is the tens digit of 15 - h - 4/2?
1
Let y = -11 + 8. Let q = y - -4. Let s = 3 + q. What is the units digit of s?
4
Suppose 4*p + 5*g + 27 = 0, 24 = -4*p - 3*g - g. What is the units digit of 0 - (-4 + p + 1)?
6
Let b(o) = 2*o**2 + o - 3. Let m be b(3). Suppose -3*y + m + 0 = 0. What is the units digit of y?
6
Suppose -x + u + 2 = 7, 2*u - 10 = x. Suppose 5*r + 20 = 0, 5*f - 3*r = -4*r + 76. Suppose 3*a = -a - 4*b + f, x = 3*a + b - 20. What is the units digit of a?
8
Let k be -2 - 5/2*-2. Suppose k*a - 11 = 3*l - l, -a = l - 7. What is the units digit of a?
5
Let f(u) = -4*u**3 +